e 32*f = -9*f + 8036. What is the greatest common factor of f and 140?
28
Suppose -13*w + 15*w - 8 = 0. Suppose -4*t + u = -472, w*u = -0*u - 16. What is the greatest common divisor of t and 78?
39
Let q = 34 + -8. Suppose 0 = -11*s + s - 20. Let o = s + q. Calculate the greatest common factor of o and 60.
12
Let c = 3 - 2. Let g = -1677 + 1679. What is the highest common factor of g and c?
1
Suppose -2*q + 2*k = 2*q + 46, 0 = -2*k - 10. Let d = 29 + q. Suppose 3*l - d = 75. Calculate the highest common factor of l and 15.
15
Let j be ((-664)/20)/(-1) - (-7)/(-35). Calculate the greatest common factor of j and 6.
3
Let u = -5 + 6. Let r be 0/(-1) - (-3 - u). Suppose 18 = r*g - 30. Calculate the highest common divisor of g and 4.
4
Suppose -5*m = -2 + 7. Let a(t) = -22*t - 2. Let i be a(m). Let h = 28 - i. Calculate the greatest common divisor of 24 and h.
8
Let i = 33 + -17. Suppose 13*w - 224 = 296. What is the greatest common divisor of i and w?
8
Suppose 2 + 3 = t, 2*j = -5*t + 81. What is the greatest common divisor of 140 and j?
28
Let o(z) = -2*z - 44. Let w be o(-24). Let h(r) = 3*r - 3*r + 3*r**2 - 5*r. Let l be h(w). Calculate the highest common factor of 70 and l.
14
Suppose 5*q + 0*l - 1620 = 4*l, 5*q + 4*l = 1620. Suppose -5*o = -999 + q. Calculate the highest common divisor of o and 45.
45
Let x be 219/9 - (-4)/6. Suppose 5*b - 3*y = -39, 5*y + 28 = -5*b + 3*b. Let p = x + b. What is the greatest common divisor of p and 128?
16
Let d(w) = -6*w**3 - w**2 + 2*w + 3. Let t be d(-2). Let z = -462 - -806. What is the highest common divisor of z and t?
43
Let s = 178 + -123. Let a be 7 + ((-4)/8 - (-36)/8). Calculate the highest common factor of s and a.
11
Let k = -89 - -279. What is the highest common factor of k and 10?
10
Let d(w) = 9*w - 14. Let t = -62 - -68. Let c be d(t). Calculate the highest common divisor of 60 and c.
20
Let n(o) = 4*o**2 - 73*o - 5*o**2 - 16 + 60*o. Let t be n(-5). Calculate the highest common factor of 3 and t.
3
Let q(l) = 4 + 13*l - 19*l + 2. Let t be q(-14). Calculate the greatest common divisor of t and 45.
45
Let k(w) = w**2 - 14*w - 9. Let r be k(-5). What is the highest common factor of 473 and r?
43
Suppose 49 - 564 = -2*t + 3*i, 3*t - 768 = 3*i. Let v be 2 - 21*(-4)/4. Calculate the highest common divisor of v and t.
23
Let r(n) = 20*n**2 + 3*n - 1. Let t be r(-2). Let o = -59 + t. Let f(p) = 10*p**3 - 3*p**2 + p. Let v be f(2). Calculate the greatest common factor of v and o.
14
Let r = 192 + -131. Calculate the greatest common factor of 61 and r.
61
Suppose 0 = 2*v - 3*v + 3. Suppose -v*x - 112 = -4*u, 0 = -u + 2*x - 1 + 29. What is the greatest common divisor of u and 56?
28
Let c = 112 + -21. Let l(o) = o**3 - 13*o**2 + o. Let i be l(13). Calculate the greatest common divisor of c and i.
13
Let h(v) = 2*v**2 + 3*v - 3. Let y be h(-3). Let q be 948/72 + (-1)/6. Let z = q - -17. What is the greatest common factor of z and y?
6
Suppose 43*m - 42*m = 5. Suppose -m*f + 3*q = -45, 3*f - 4*q - 44 = -f. Calculate the greatest common factor of f and 30.
6
Let l = 264 - 222. Let m(s) = 43*s**2 - s. Let z be m(2). Let h = z - 65. What is the greatest common factor of l and h?
21
Suppose -215 = -14*y + 219. Calculate the greatest common divisor of y and 527.
31
Let b(j) = -112*j - 115. Let g be b(-4). Suppose 4*i = -3*w + 148, -2*w = 3*i + 12 - 123. What is the highest common factor of g and i?
37
Suppose -4*i + 3*i + 89 = 0. Let p = -56 + i. Calculate the greatest common divisor of 11 and p.
11
Let f be 40/12*(-3)/(-2). Let a(s) = s - 3. Let h be a(7). Let r be (14/h)/(f/30). What is the greatest common factor of r and 7?
7
Let d = -7 + 18. Let t = d + -139. Let f = t + 186. What is the greatest common factor of 29 and f?
29
Suppose -5*p = -3*p - 144. Let t(l) = 6*l + 35. Let c be t(18). Suppose -9*s + 19 = -c. What is the greatest common divisor of s and p?
18
Let w be 2/((22/(-48))/(-11)). Let v(z) = z**3 - 10*z**2 - 9*z - 16. Let s = 25 + -14. Let g be v(s). Calculate the greatest common divisor of w and g.
6
Let o = 10 + -7. Suppose -3*c - 28 - 2 = -o*r, 46 = 5*r - 4*c. Let u(j) = 6*j + 13. Let a be u(r). Calculate the highest common divisor of 7 and a.
7
Let f(j) = -j**2 + 8*j + 3. Let k = -17 - -25. Let d be f(k). Suppose 3*y - l = 26, d*l - 25 = -5*y + l. What is the greatest common factor of 21 and y?
7
Suppose 0 = 186*s - 187*s + 11. Suppose -42 = -c + 13. Calculate the greatest common divisor of c and s.
11
Let z be (3 - -2) + -9 + 54. What is the highest common factor of z and 80?
10
Suppose 35 = -5*m - 5*c, 3*m = 5*c - 0 + 3. Suppose -4*y - 2*w = -68, -3*w = -w. Let v = m + y. Calculate the greatest common divisor of 52 and v.
13
Let g = 51 + -59. Let v be 36 - (g + 8 + -4). Let h be (3 + (-2)/4)*2. What is the highest common factor of v and h?
5
Suppose o = -9 + 5, 3*o = -5*s + 188. Calculate the greatest common divisor of s and 128.
8
Let v = 4 - 183. Let p = 259 + v. Calculate the highest common divisor of 16 and p.
16
Suppose d - 236 = -d. Suppose -4*s + 2*z = -d, 0 = -4*s + z + 39 + 84. Let k(i) = -2*i - 8. Let m be k(-8). What is the highest common divisor of m and s?
8
Suppose 125 = 4*c - 3*n, -3*n + 26 + 73 = 3*c. Suppose 5*g - 160 = -2*z, -g = 4*z - 3*z - c. Calculate the greatest common divisor of g and 4.
4
Let o = 49 + -13. Let u = 39 - o. Suppose -2*p + f + 31 = 0, 5*p - u*f - 2*f - 80 = 0. What is the greatest common divisor of 120 and p?
15
Let u be (-2)/11 - (-210)/66. Suppose -65 = -5*h + 5*n, -h - u*n - 2 = -7. Calculate the highest common factor of h and 88.
11
Let t(z) = -2*z + 4. Let o be t(0). Suppose -2*d + 2*s = -60, -13 + 133 = o*d + 3*s. What is the greatest common factor of d and 240?
30
Let o be 9 - ((-2)/1 + 6). Suppose -5*h + 0*g + 675 = o*g, -4*h + 526 = -3*g. Suppose 0*j + h = 7*j. Calculate the highest common divisor of 19 and j.
19
Suppose 11*c = 5*c + 624. What is the greatest common divisor of c and 8?
8
Let u(o) = -o**3 - 5*o**2. Let y be u(-5). Suppose y*j = -4*j. Let x be 4/(-8)*(j - 44). Calculate the greatest common divisor of 55 and x.
11
Let b(m) = -5*m - 9. Let o be b(-5). What is the greatest common factor of o and 2?
2
Let n = 11 + -9. Suppose -n*t = 2*t. Suppose 2*j - 28 = -2*q, 2*q = -t*q + j + 28. Calculate the greatest common factor of 7 and q.
7
Let h be -143 + 138 - -1*(-2 - -85). What is the highest common factor of h and 90?
6
Let a(o) = -11*o**2 - o + 2. Let r be a(-2). Let q = 193 + r. Let h = q - 27. What is the greatest common divisor of 18 and h?
18
Let r(a) = 95*a - 2. Let d(m) = 7*m + 11. Let k be d(-1). Let q be r(k). What is the highest common factor of q and 42?
42
Let x be (-5)/(639/(-99) + 6). What is the greatest common factor of x and 1496?
11
Let h(x) = -243*x - 3. Let w(p) = p + 1. Let u(l) = h(l) + 4*w(l). Let d be u(-1). Suppose -6*f + f = -d. What is the greatest common divisor of f and 120?
24
Suppose 5*m - 3*c - 215 = c, c = -5. Let h(i) = -4*i**3 - 66*i**2 + 34*i + 13. Let d be h(-17). What is the highest common divisor of m and d?
13
Suppose -4*x + r = -136, x - 4*r + 86 = 3*x. Suppose -9 + x = p. What is the highest common factor of 182 and p?
26
Suppose 3*r - 33 = 4*c + 221, 98 = r + 2*c. What is the greatest common factor of r and 108?
18
Let d(h) = 6 - 10*h - 2*h**2 - 4*h**2 + 9*h**2 + 4*h. Let y be d(-4). Calculate the highest common divisor of y and 6.
6
Let b = -96 - -112. Let a = 148 - -60. What is the highest common factor of b and a?
16
Let x be (0 + 2)*(-22)/4. Suppose -62 = -4*q + 6. Let c = x + q. What is the highest common divisor of 12 and c?
6
Suppose 16 + 14 = 6*z. Suppose 3*g - 4*v = 4*g - 26, 25 = z*v. What is the highest common factor of g and 48?
6
Suppose -3*b - 5 = 4. Let z(c) = -16*c - 18. Let d be z(b). What is the greatest common factor of 90 and d?
30
Let m = 1880 - 1810. What is the greatest common factor of 400 and m?
10
Let y(v) = v**3 + 22*v**2 + 21*v + 33. Let n be y(-21). Let h(b) = -b**3 + 4*b**2 - b + 1. Let r be h(-5). What is the greatest common divisor of r and n?
33
Suppose -4*s = -18 + 2. Suppose -s*y + 4*x = 11 + 1, -5*y = 4*x - 30. Calculate the highest common factor of y and 54.
2
Let g(n) = -4*n + 21. Let j be g(4). Suppose -4*v - 3*b = -0*v - 613, j*v - b - 771 = 0. Ca